{"id":54,"date":"2020-02-23T20:25:11","date_gmt":"2020-02-23T20:25:11","guid":{"rendered":"http:\/\/www.domikonnowica.dom-a.pl\/?page_id=54"},"modified":"2023-11-12T17:18:37","modified_gmt":"2023-11-12T17:18:37","slug":"strona-glowna","status":"publish","type":"page","link":"https:\/\/www.domikonnowica.pl\/","title":{"rendered":"STRONA G\u0141\u00d3WNA"},"content":{"rendered":"\n<div style=\"height:109px\" aria-hidden=\"true\" class=\"wp-block-spacer\"><\/div>\n\n\n\n<figure class=\"wp-block-image alignfull size-large is-style-default\"><img loading=\"lazy\" decoding=\"async\" width=\"1024\" height=\"550\" src=\"http:\/\/www.domikonnowica.dom-a.pl\/wp-content\/uploads\/2020\/03\/budynek-3-1024x550.jpg\" alt=\"\" class=\"wp-image-134\" srcset=\"https:\/\/www.domikonnowica.pl\/wp-content\/uploads\/2020\/03\/budynek-3-1024x550.jpg 1024w, https:\/\/www.domikonnowica.pl\/wp-content\/uploads\/2020\/03\/budynek-3-300x161.jpg 300w, https:\/\/www.domikonnowica.pl\/wp-content\/uploads\/2020\/03\/budynek-3-768x412.jpg 768w, https:\/\/www.domikonnowica.pl\/wp-content\/uploads\/2020\/03\/budynek-3-1536x824.jpg 1536w, https:\/\/www.domikonnowica.pl\/wp-content\/uploads\/2020\/03\/budynek-3.jpg 1837w\" sizes=\"auto, (max-width: 1024px) 100vw, 1024px\" \/><\/figure>\n\n\n\n<h2 class=\"wp-block-heading\">TROCH\u0118 TEORI<\/h2>\n\n\n\n<ul class=\"wp-block-list\">\n<li>Dom Ikon &#8211; jest to budynek powsta\u0142y w 1930 roku we wsi Nowica po\u0142o\u017conej w Beskidzie Niskim. Pocz\u0105tkowo by\u0142 on bibliotek\u0105 wiejsk\u0105, p\u00f3\u017aniej pe\u0142ni\u0142 funkcje sklepu i \u015bwietlicy wiejskiej. W 2017 roku zosta\u0142 wyremontowany i obecnie jest miejscem, w kt\u00f3rym w okresie wakacyjnym arty\u015bci oraz ich uczniowie tworz\u0105 Ikony &#8211; st\u0105d nazwa Dom Ikon. Dom Ikon mo\u017cna tak\u017ce wynaj\u0105\u0107 poza sezonem wakacyjnym aby odpocz\u0105\u0107 od codziennej rutyny, wyciszy\u0107 si\u0119 i by\u0107 mo\u017ce odnale\u017a\u0107 w sobie dusze artysty, ale mo\u017cna tez po prostu pospacerowa\u0107 po lesie, jesieni\u0105 zapaleni grzybiarze znajda w nim urodzaj grzyb\u00f3w. Zim\u0105 mo\u017cna skorzysta\u0107 z pobliskich stok\u00f3w narciarskich ale te\u017c odnale\u017a\u0107 w sobie dziecko i pobawi\u0107 si\u0119 w \u015bniegu na pobliskich \u0142\u0105kach.<\/li>\n<\/ul>\n\n\n\n<ul class=\"wp-block-list\">\n<li>Opr\u00f3cz Domu Ikon proponujemy tak\u017ce SAREPT\u0118, kt\u00f3ra w wakacje t\u0119tni \u015bmiechem m\u0142odzie\u017cy. M\u0142odzie\u017c ta przyje\u017cd\u017ca na SAREPT\u0118 na dwutygodniowe turnusy rekolekcyjne. Po sezonie SAREPTA czeka na ch\u0119tnych kt\u00f3rzy tchn\u0119liby w ni\u0105 \u017cycie. SAREPTA to trzy domy mog\u0105ce przyj\u0105\u0107 zorganizowane grupy jak i indywidualnych ch\u0119tnych.<\/li>\n<\/ul>\n","protected":false},"excerpt":{"rendered":"<p>TROCH\u0118 TEORI<\/p>\n","protected":false},"author":1,"featured_media":0,"parent":0,"menu_order":0,"comment_status":"closed","ping_status":"closed","template":"","meta":{"footnotes":""},"class_list":["post-54","page","type-page","status-publish","hentry"],"_links":{"self":[{"href":"https:\/\/www.domikonnowica.pl\/index.php?rest_route=\/wp\/v2\/pages\/54","targetHints":{"allow":["GET"]}}],"collection":[{"href":"https:\/\/www.domikonnowica.pl\/index.php?rest_route=\/wp\/v2\/pages"}],"about":[{"href":"https:\/\/www.domikonnowica.pl\/index.php?rest_route=\/wp\/v2\/types\/page"}],"author":[{"embeddable":true,"href":"https:\/\/www.domikonnowica.pl\/index.php?rest_route=\/wp\/v2\/users\/1"}],"replies":[{"embeddable":true,"href":"https:\/\/www.domikonnowica.pl\/index.php?rest_route=%2Fwp%2Fv2%2Fcomments&post=54"}],"version-history":[{"count":6,"href":"https:\/\/www.domikonnowica.pl\/index.php?rest_route=\/wp\/v2\/pages\/54\/revisions"}],"predecessor-version":[{"id":225,"href":"https:\/\/www.domikonnowica.pl\/index.php?rest_route=\/wp\/v2\/pages\/54\/revisions\/225"}],"wp:attachment":[{"href":"https:\/\/www.domikonnowica.pl\/index.php?rest_route=%2Fwp%2Fv2%2Fmedia&parent=54"}],"curies":[{"name":"wp","href":"https:\/\/api.w.org\/{rel}","templated":true}]}}